**3 - 4*f**3. Let l be w(-4). What is i(l)?
2
Let x be 3 - (-12 - 6/(-1)). Suppose 2*o - 2*w - 64 = 0, -2*w - 74 = -2*o + 2*w. Let d(t) = x*t**2 + 5 - o*t**2 - t**3 - 7*t + 11*t**2. Give d(-6).
11
Let r(t) = -31*t + 76. Let l = -10376 - -10378. Calculate r(l).
14
Let t(a) = a**2 + 19*a + 18. Let d be t(-19). Let i(z) = 106 - 51 - d*z - 54. Calculate i(-1).
19
Let y(p) be the third derivative of -p**4/24 + 7*p**3/6 - 28*p**2 - 10*p - 3. Calculate y(2).
5
Let j(o) be the second derivative of -109*o + 1/3*o**4 + 0 - 1/3*o**3 - o**2. Determine j(3).
28
Let s(m) = -3*m**2 - 56956 - 4*m**2 + m + 56951 - m**3. Give s(-7).
-12
Let l(c) be the second derivative of -c**6/24 + c**5/60 - c**3/6 + 37*c**2 + 191*c. Let p(t) be the first derivative of l(t). What is p(-1)?
5
Let v be (-4)/(-6) + (-4)/6. Let k(q) be the second derivative of -5 + 0*q**3 + 5/2*q**2 + 1/12*q**4 - q. Determine k(v).
5
Let j(r) = 3*r**2 - 3*r + 2. Let t(g) = g - 9. Let m(v) = 2*v - 18. Let k = -60 - -54. Let a(c) = k*m(c) + 14*t(c). Let h be a(10). Calculate j(h).
8
Let w(o) be the second derivative of o**4/12 + 4*o**3/3 + 3*o**2/2 - 17*o. Suppose 10 = m + 9*m. Let u be m + (-4 - 15/5). Determine w(u).
-9
Let k(q) be the first derivative of q**4/2 - 4*q**3/3 - 4*q + 3. Suppose c = 4*a - 54, -29 = -0*a - 3*a - 5*c. Suppose a*t + 6 = 45. Give k(t).
14
Let b(i) = -2*i**2 + 13*i - 6. Let h(p) = p**2 - 2*p - 2. Let m be -17 + 18 - (0 - 0). Let z(w) = m*b(w) + 3*h(w). Give z(-7).
-12
Let a = 915 - 1158. Let w = a + 236. Let d(o) = 4*o**2 - 5*o**2 - 4 + 7*o + 2*o**2. Calculate d(w).
-4
Let d be 8/(-6) - 2/3. Let f(g) = -62*g**2 + 22*g + 10. Let l(v) = -36*v**2 + 13*v + 6. Let z(u) = -7*f(u) + 12*l(u). Give z(d).
6
Let r(j) = 454*j**2 + 10*j + 15 + 467*j**2 - 920*j**2. What is r(-2)?
-1
Let l(h) be the third derivative of h**6/120 + h**5/30 + h**4/24 - h**3/6 - 17383*h**2 + 4. Let u be 2/7 + (-32)/14. What is l(u)?
-3
Suppose 36*z - 3 = -5*y + 32*z, -z + 12 = -y. Let i(c) = 5*c**2 - 6*c - 10. Let j(n) = -11*n**2 + 12*n + 21. Let l(u) = 13*i(u) + 6*j(u). Calculate l(y).
1
Let j be (4 - -3)/(-1 + 0). Let f(l) = 7*l**2 - 28*l. Let h(i) = 11*i**2 - 46*i + 1. Let z(m) = -8*f(m) + 5*h(m). Give z(j).
-2
Suppose -2*h + 13 = 3*q, 2*q + 2*q + 2*h = 20. Let f(b) = 3*b + 0 - 4*b - q + 2 - b**2. Let s(y) = -5*y**2 - 58*y + 91. Let x be s(-13). Give f(x).
-5
Let v(l) = -10 - 23332*l + 46628*l - 2*l**2 - 23321*l. What is v(-11)?
23
Let k be (1/(5 + -8 + 5))/(4/72). Let l(t) = -3*t**2 + 28*t - 13. Determine l(k).
-4
Suppose -19*x = -0*x - 2584. Suppose -42*w = -59*w - x. Let k(h) = -6*h. Calculate k(w).
48
Let q(k) be the first derivative of -24 + 7/2*k**2 - 35*k. Let s be q(5). Let v(o) = -o + 7. Calculate v(s).
7
Let n(u) = -u**2 - 7*u + 20. Let b be n(-9). Suppose 0*q + b*q - 4 = 0. Let g(r) = -55*r - 2 + 51*r + 2 - 3*r**2 - q. Give g(-3).
-17
Let r = -29391 - -29387. Let m(k) = 7*k**2 + 5*k - 5. Let d(l) = -8*l**2 - 5*l + 6. Let x(c) = 5*d(c) + 6*m(c). Give x(r).
12
Let b(z) = -6*z - 167. Let n(o) = -7*o - 201. Let i(s) = 5*b(s) - 4*n(s). Determine i(-10).
-11
Let j(r) = -3*r - 6. Let x(g) = -3*g - 4. Let i(y) = -3*j(y) + 4*x(y). Let c(l) = 2*l + 6. Let u be c(-4). Let t be 2/(1*1/u). Calculate i(t).
14
Let m be 2/(273/(-93) - -3). Let z = -41 + 16. Let w = z + m. Let y(f) = f**3 - 7*f**2 + 5*f - 3. Calculate y(w).
-9
Let l = -152 + 150. Let n be (2/l)/(1*1/4). Let q(v) = -3*v - 11. Calculate q(n).
1
Let o(b) = -b**3 + 7*b**2 - 7. Suppose -7*z - 4*z = 0. Suppose -4*v = 3*n - 7*n + 28, 5*v = z. Calculate o(n).
-7
Let k = 0 - 1. Let u(c) = 22*c - 439. Let t(p) = 65*p - 1244. Let f(v) = -6*t(v) + 17*u(v). Determine f(k).
17
Let x(b) = -b**3 - 12*b + 14*b**2 + 10 + 11*b - 7*b**2. Let o be x(7). Let p(t) = 1 - t**o + 19*t**2 - 28*t**2 + 3*t - 10*t. Calculate p(-8).
-7
Let i(u) = -5*u + 108. Let g be i(24). Let y be (g/(-22))/((-12)/(-66)). Let d(k) = 4*k**2 - k**3 - 4*k + k + k. What is d(y)?
3
Suppose -136*z = -142*z - 96. Let l(x) = -14*x - 222. Let a be l(z). Let u(c) = -6*c - 4. What is u(a)?
-16
Let h be (0 + 6)/(3 - (-108)/(-40)). Let m(l) = 4 + 5 + 10 - l - h. What is m(2)?
-3
Suppose 0 = 5*d - 5*s + 25, -11 = -2*d - 14*s + 9*s. Let g(x) = 3*x**2 + 368*x - 2 - 368*x + 2*x**3 - x**3. What is g(d)?
2
Let u(p) = p**3 - 3*p**2 + 4*p - 4. Let g be u(2). Let w(c) = 7*c + 13. Let l = -35 + 44. Let z(n) = 3*n + 7. Let o(h) = l*z(h) - 4*w(h). Give o(g).
11
Let g = 268 + -267. Let x(b) = 9*b + 1 - 1 + b**2 + 10 - g. Determine x(-8).
1
Let o(m) = -2*m + 5. Suppose 10 = 2*x + 3*x. Let q be o(x). Let g(b) = 2 - b**2 + 0*b + 5 - q - 3*b. Calculate g(-5).
-4
Let h(y) be the second derivative of -y**6/360 - y**5/60 - y**4/3 - y. Let u(p) be the third derivative of h(p). Let z = -232 + 229. Determine u(z).
4
Let n(u) be the first derivative of -2*u**2 - 2*u - 237. Suppose 21*c + 132 = -c. Calculate n(c).
22
Suppose 0 = -0*z - 4*z - 3*k + 21, 4*z = -4*k + 24. Let s(i) = 2*i - 267 - 3*i**z + 268 + 2*i**3. Determine s(-1).
0
Suppose -6*r + 2*r + 35 = 5*b, -3*b + r = -4. Suppose b*f + 9*o - 6*o - 9 = 0, 4*o = 2*f - 18. Let d(s) = s**2 - 4*s - 7. Determine d(f).
-2
Let d(l) = l**3 + l + 3. Let s(r) = 4*r**3 + 30*r**2 + 5*r + 31. Let t(a) = 6*d(a) - s(a). What is t(15)?
2
Let p = -21 + 21. Let b(r) = 149 + p*r - 142 - 2*r. Let o = -120 + 125. Calculate b(o).
-3
Suppose -14 = 13*j - 53. Suppose 47*w - 46*w - 57 = 0. Let t(q) = w - 28 - 2*q - 31. Determine t(j).
-8
Let o(b) = b + 7. Suppose -55 = -4*z + y, 2*y = 3*z + 4*y - 44. Suppose 11 = -v - z*i + 16*i, -i + 55 = -5*v. Calculate o(v).
-4
Let o(y) = y - 3. Let v = 5027 + -5031. What is o(v)?
-7
Let w(k) = -k**2 - 5*k - 2. Let p be w(-2). Let r(h) = -1309*h**2 + 4*h - 3*h - 79*h**3 + 78*h**3 - 1319*h**2 - 4 + 2633*h**2. What is r(p)?
16
Let t(g) = g**3 + 12*g**2 - 5*g - 4. Let v = 582 - 579. Let n(f) = f**3 + 9*f**2 - 4*f - 4. Let w(r) = v*t(r) - 4*n(r). Determine w(0).
4
Let k(a) = -3*a**2 - 27*a. Let z = 10459 - 10468. Calculate k(z).
0
Let v(s) be the second derivative of 13*s**5/4 + s**2/2 - 9*s + 10. Calculate v(-1).
-64
Let a = 64 + -51. Suppose -3*r - 5*p + 0*p + 7 = 0, -a = -3*r + p. Let f(g) be the second derivative of -g**4/12 + g**3/3 - 2*g**2 - 3*g. Calculate f(r).
-12
Let r(f) = 3*f**2 - 3*f - 2. Suppose w - 36*p = -34*p - 10, 4*w + 15 = 3*p. What is r(w)?
-2
Let t(z) be the first derivative of -z**4/6 + 4*z**3/3 + 3*z**2 - 83*z + 56. Let m(y) be the first derivative of t(y). Determine m(6).
-18
Let l(z) = z**2 - 10*z + 3. Suppose 0*p = -3*b + 2*p, -4*p = 2*b. Suppose b = m - 103 + 97. Give l(m).
-21
Let s(t) = -2*t - 4. Suppose 0 = 12*l - 9*l. Suppose l*d = -d. Let z be -8*(d - 3/(-6)). What is s(z)?
4
Suppose 4*f - 3*n = 8, 4*f = 8*f - 2*n - 12. Let o = -2 - -10. Let r be o/(-20) - (-47)/f. Let l(k) = k - 10. Calculate l(r).
-1
Suppose -14 = -5*l + q, -q - 5 = -3*l + 3*q. Let k be (-1)/(-6 + (7 - l - -1)). Let c(u) = u**2 - u + 1. Calculate c(k).
1
Suppose -2*x = 12*x - 22*x. Let q(i) be the first derivative of -i**4/4 + i**2 - 5*i - 101. Calculate q(x).
-5
Let a(b) = 37 + 8*b - 43 + 5*b**2 - 10*b + 16*b**3. Let q(l) = -14*l**3 - 6*l**2 + 2*l + 7. Let h(o) = -6*a(o) - 5*q(o). Determine h(-1).
25
Let x(z) = 46*z**2 - 130*z**2 + 40*z**2 + 47*z**2. Suppose 3*h = t - 2*h - 21, t + 5*h + 19 = 0. Give x(t).
3
Suppose -5*v = 3*c + 21, c + 90*v = 94*v + 27. Let n(y) = -3*y**3 - 3*y**2 - 6. Determine n(c).
-114
Suppose -15*r - 39 - 24 = 237. Let b(j) = 2*j + 3. Determine b(r).
-37
Let r(p) = 68*p + 750. Let c be r(-11). Let k(b) = -2*b + 4 - b + 2*b. Give k(c).
2
Let o(g) = -15*g - 241. Let c be o(-16). Let z(s) = -9*s**2 + 3*s + 4. Determine z(c).
-8
Let a = 311/602 + -5/301. Let y(g) be the second derivative of 0*g**2 - 1/3*g**4 - 22*g - 1/20*g**5 - a*g**3 + 0. Calculate y(-2).
-2
Let n be (14*1)/(-18 - (-8 - 9)). Let j(h) = 8*h + 122. Determine j(n).
10
Suppose -1265746*s + 1265675*s = -426. Let a(m) = 5*m - m - 2*m. Determine a(s).
12
Let r(g) = -2*g**2 + 9*g - 7. Let k be (-8 + 8)/((-7)/((-21)/(-6))) - -4. Give r(k).
-3
Let p(q) = -4*q**2 + q. Let g(z) = 19*z - 105. Let t be g(5). Let i be 1 + 8/t + 6/(-5). Give p(i).
-5
Let t(s) = 3*s + 81 + 78 + 39 - 193. Calculate t(-15).
-40
Let m be 39*(-8)/(-24) + 1. Suppose -m*h + 2*a - 2 = -17*h, -5*a = -20. Let q(